0100 + 110000001?
110010101
In base 15, what is -1151 + -7?
-1158
In base 11, what is -5424 - 5?
-5429
In base 6, what is 300013 + -2?
300011
In base 11, what is 7a - 499?
-41a
In base 10, what is -3 + 194412?
194409
In base 15, what is -1c + 8e32?
8e15
In base 3, what is 100201 + 111010?
211211
In base 10, what is 3 - -7707?
7710
In base 16, what is -4 + -46791?
-46795
In base 8, what is -3 - 36070?
-36073
In base 14, what is -7 + -63?
-6a
In base 5, what is 0 + -1202422?
-1202422
In base 10, what is -29632 - -14?
-29618
In base 12, what is 2 + -2636b1?
-2636ab
In base 12, what is 8 - -b522?
b52a
In base 12, what is -43b + 139?
-302
In base 7, what is -1656 + -4351?
-6340
In base 12, what is -537 + 1551?
1016
In base 10, what is 2995 - 47?
2948
In base 2, what is 1000110 - 1100001000101?
-1011111111111
In base 5, what is -113 - 133322?
-133440
In base 4, what is -31032311 + 11?
-31032300
In base 16, what is 109a - -174?
120e
In base 9, what is 0 - 275333?
-275333
In base 14, what is -d - 12b0?
-12bd
In base 10, what is 1530 - 183?
1347
In base 4, what is 0 + -313021213?
-313021213
In base 4, what is 123 + 12121?
12310
In base 4, what is 13 - -3220330101?
3220330120
In base 6, what is -5000 - 51?
-5051
In base 6, what is 0 + -54515515?
-54515515
In base 4, what is 1301 - -3111?
11012
In base 16, what is 71d4 + 9?
71dd
In base 12, what is -565 + -476?
-a1b
In base 5, what is -123 + 12123210?
12123032
In base 13, what is 507 - 13a?
39a
In base 2, what is 11100 + 1000011001001?
1000011100101
In base 5, what is 400004133 - 0?
400004133
In base 16, what is -3a7 + 14?
-393
In base 13, what is -734b - 9?
-7357
In base 13, what is -74c5 + 115?
-73b0
In base 12, what is 158ba73 - -3?
158ba76
In base 7, what is 446 - -340?
1116
In base 3, what is 21 + 22002102?
22002200
In base 2, what is -1 + -101111010100100001?
-101111010100100010
In base 13, what is -73 - 78c2?
-7965
In base 15, what is -2 + ee05?
ee03
In base 5, what is 12011 - 211?
11300
In base 5, what is 112210 - -31?
112241
In base 7, what is -532 + 2241?
1406
In base 8, what is 2 + -1644730?
-1644726
In base 6, what is -152544 - 341?
-153325
In base 15, what is -1c4 - -71?
-153
In base 10, what is 2920 + 181?
3101
In base 2, what is -111110001000 + 11101110?
-111010011010
In base 3, what is 202 - 211101220?
-211101011
In base 11, what is -3791 - a2?
-3883
In base 10, what is -1644 + 27?
-1617
In base 3, what is 100210201 - -21101?
101002002
In base 2, what is -1000000111 - -111000001001?
110000000010
In base 5, what is -23042 + 22?
-23020
In base 8, what is -133 + -666?
-1021
In base 15, what is -3 - ed05?
-ed08
In base 9, what is -1 - -4322?
4321
In base 15, what is 3 - 56e1?
-56dd
In base 8, what is 13203 - 0?
13203
In base 9, what is 34726 - 4?
34722
In base 2, what is 110110011001101101 + -101?
110110011001101000
In base 16, what is -4e + 1527?
14d9
In base 16, what is 5 + 1d1c?
1d21
In base 14, what is 371c - -2?
3720
In base 9, what is 5 + -162?
-156
In base 15, what is -4 - 4aae?
-4ab3
In base 11, what is 0 + -a9a?
-a9a
In base 13, what is -970 + 8b?
-8b2
In base 3, what is -21200110112 - -20?
-21200110022
In base 12, what is 7 - -2241?
2248
In base 14, what is 16 + 115a?
1172
In base 13, what is -33ca + 2?
-33c8
In base 12, what is -b614 - 3b?
-b653
In base 4, what is 232 - -3023?
3321
In base 3, what is 10112221021 + -2?
10112221012
In base 14, what is 69dc - -3?
6a01
In base 5, what is -4311421 + 10?
-4311411
In base 13, what is 3 + b96a7?
b96aa
In base 2, what is -1111 - 1000111000011?
-1000111010010
In base 6, what is 3124 - -10554?
14122
In base 11, what is 7768 - 4?
7764
In base 13, what is -2a + 2679?
264c
In base 3, what is 200002011 + 10?
200002021
In base 12, what is 5 - -20681?
20686
In base 11, what is -1627 + -3?
-162a
In base 9, what is -7 - -51278?
51271
In base 3, what is -12012201210 + 1?
-12012201202
In base 9, what is 25 - 447?
-422
In base 12, what is 4 + 360798?
3607a0
In base 15, what is 26 + -e88c?
-e866
In base 4, what is 31110221132 + 0?
31110221132
In base 3, what is 2120002220 - -21?
2120010011
In base 3, what is 1000210101122 - -11?
1000210101210
In base 15, what is 1732b + 3?
1732e
In base 2, what is 1101010110000000 + -10?
1101010101111110
In base 16, what is -3 - 3638?
-363b
In base 16, what is -40 - 1f92?
-1fd2
In base 6, what is 500 - 5?
451
In base 16, what is -f3 - -b87?
a94
In base 16, what is -21 - -648f?
646e
In base 15, what is 425 - -51d?
943
In base 4, what is 3022 + 10323?
20011
In base 2, what is 1001100100 - -1001?
1001101101
In base 7, what is -4 - 130134?
-130141
In base 10, what is -6114 + -4?
-6118
In base 7, what is 41 + -5132?
-5061
In base 8, what is 1 + -336650?
-336647
In base 15, what is -14 + 213?
1ee
In base 9, what is 4 + -165647?
-165643
In base 9, what is -167 - -46?
-121
In base 7, what is 1653042 - -3?
1653045
In base 10, what is -5 - -19013?
19008
In base 10, what is -126908 + 3?
-126905
In base 9, what is 148 + -251?
-102
In base 2, what is -1000101000000111 - 11?
-1000101000001010
In base 9, what is 1153 + -43?
1110
In base 7, what is -1015 + 534?
-151
In base 13, what is 6 + -b014c?
-b0146
In base 4, what is -1 - -2131102?
2131101
In base 6, what is -553 + 1022?
25
In base 13, what is -1a - -3a7?
38a
In base 15, what is 5586d - 1?
5586c
In base 11, what is 6455 - 2?
6453
In base 13, what is -18 + -37b8?
-3803
In base 7, what is -3 + 43312?
43306
In base 9, what is -4638 + -875?
-5624
In base 14, what is -17 - -31285?
3126c
In base 12, what is -320 + -18a?
-4aa
In base 6, what is -340543 - 4?
-340551
In base 13, what is -145 + 453?
30b
In base 9, what is 1325158 + -4?
1325154
In base 5, what is 100 + -102141?
-102041
In base 7, what is 5 - -3431?
3436
In base 16, what is -4 + -79de6?
-79dea
In base 2, what is -10010010100110111 - -100?
-10010010100110011
In base 8, what is -25 - 105324?
-105351
In base 4, what is 11030 - -32100?
103130
In base 5, what is 1 + -42330?
-42324
In base 6, what is -311044401 + 5?
-311044352
In base 9, what is -21205 + -2?
-21207
In base 6, what is 2 - 35121023?
-35121021
In base 2, what is -11010100000 + -1000?
-11010101000
In base 4, what is -301003 - -20123?
-220220
In base 5, what is 22020001 - 10?
22014441
In base 9, what is 4 + -277114?
-277110
In base 12, what is -18456 + 4b?
-18407
In base 13, what is -29 - -2799?
2770
In base 10, what is -21 + -40476?
-40497
In base 15, what is -1a7e + -32?
-1ab1
In base 15, what is -4b0 + 7d?
-432
In base 10, what is 122 + -234?
-112
In base 3, what is -100101201 + 1002221?
-22021210
In base 7, what is 3 - -20512?
20515
In base 8, what is 72 - -1207?
1301
In base 15, what is -2b - -3316?
32da
In base 6, what is -133 - 1214?
-1351
In base 10, what is 2291 + 1383?
3674
In base 13, what is -30 + 21?
-c
In base 9, what is -377 + -62?
-450
In base 11, what is 34 + 803?
837
In base 6, what is -5300 + 1?
-5255
In base 15, what is 1387 + 20b?
1593
In base 3, what is 1000 - -101100200?
101101200
In base 12, what is -218 + -226?
-442
In base 4, what is -12033201 - -10?
-12033131
In base 5, what is 332 + 100002?
100334
In base 13, what is -6 - -2b833?
2b82a
In base 7, what is 343 + -2641?
-2265
In base 15, what is -143 - e?
-152
In base 16, what is 8e2 - -5?
8e7
In base 3, what is -2 + 1120122?
1120120
In base 13, what is -ab4 - -12?
-aa2
In base 6, what is -1014125 + -1?
-1014130
In base 3, what is -102 - 202202000?
-202202102
In base 13, what is 1548 - -558?
1aa3
In base 6, what is 10412313 + -4?
10412305
In base 10, what is 422893 + -2?
422891
In base 8, what is 2 + 2656?
2660
In base 8, what is 663 + 246?
1131
In base 15, what is -45e - 6d0?
-b3e
In base 10, what is 2 - -190524?
190526
In base 5, what is -2010 - 22004?
-24014
In base 15, what is -3 + 233d35?
233d32
In base 7, what is -1 - 16661?
-16662
In base 3, what is -12020202 + -21212?
-12112121
In base 3, what is 200212101012 + -121?
200212100121
In base 6, what is -102 + -3240?
-3342
In base 9, what is 8846 + -10?
8836
In base 15, what is -1b95e + 2?
-1b95c
In base 14, what is 5358 - -20?
5378
In base 2, what is 1100 - 101110000110000000?
-101110000101110100
In base 5, what is -440 - -322?
-113
In base 6, what is -322 + 432553?
432231
In base 2, what is -10111101111010110 + -1?
-10111101111010111
I